3
2
Convert -1021 (base 4) to base 10.
-73
Convert 23 (base 11) to base 2.
11001
What is 6b (base 13) in base 6?
225
Convert -1220 (base 4) to base 8.
-150
Convert -25 (base 14) to base 15.
-23
What is 8c (base 14) in base 3?
11121
0 (base 9) to base 16
0
Convert -2 (base 12) to base 4.
-2
0 (base 4) to base 3
0
What is -1020 (base 3) in base 11?
-30
What is 31 (base 7) in base 14?
18
What is 6 (base 15) in base 11?
6
What is 0 (base 4) in base 6?
0
Convert 2a (base 14) to base 16.
26
-6 (base 8) to base 6
-10
-10 (base 9) to base 14
-9
What is 1 (base 14) in base 12?
1
Convert -1 (base 2) to base 9.
-1
Convert -23 (base 14) to base 16.
-1f
-84 (base 9) to base 4
-1030
What is c (base 16) in base 13?
c
Convert -2 (base 4) to base 11.
-2
Convert b (base 12) to base 15.
b
What is 5 (base 9) in base 8?
5
What is -1 (base 6) in base 2?
-1
-5 (base 13) to base 6
-5
What is 12 (base 3) in base 6?
5
-20 (base 7) to base 3
-112
What is 21 (base 5) in base 14?
b
What is 18 (base 9) in base 13?
14
172 (base 9) to base 11
123
What is -222 (base 5) in base 9?
-68
What is 208 (base 11) in base 10?
250
Convert 10010 (base 2) to base 12.
16
What is 335 (base 9) in base 3?
101012
Convert 9 (base 11) to base 12.
9
Convert -1103 (base 4) to base 9.
-102
Convert -116 (base 8) to base 12.
-66
Convert 7 (base 9) to base 10.
7
What is 99 (base 11) in base 14?
7a
What is -7 (base 9) in base 12?
-7
Convert -22 (base 9) to base 14.
-16
-2 (base 16) to base 10
-2
What is -2 (base 11) in base 12?
-2
-1 (base 8) to base 7
-1
Convert 3 (base 10) to base 7.
3
Convert -7 (base 15) to base 7.
-10
-146 (base 16) to base 6
-1302
Convert 10 (base 7) to base 16.
7
Convert -54 (base 9) to base 7.
-100
-2 (base 6) to base 10
-2
What is -d (base 15) in base 16?
-d
31 (base 12) to base 6
101
What is -4 (base 15) in base 11?
-4
-10 (base 3) to base 8
-3
Convert -20 (base 12) to base 13.
-1b
-26 (base 11) to base 8
-34
Convert -14 (base 10) to base 4.
-32
5 (base 10) to base 11
5
-1 (base 5) to base 3
-1
2 (base 9) to base 7
2
0 (base 10) to base 15
0
-12 (base 3) to base 14
-5
What is -1 (base 15) in base 6?
-1
20 (base 5) to base 8
12
Convert -6 (base 13) to base 11.
-6
Convert 3 (base 4) to base 12.
3
What is 11 (base 3) in base 16?
4
3 (base 10) to base 3
10
2010 (base 3) to base 6
133
What is -a (base 11) in base 2?
-1010
What is 244 (base 7) in base 12?
aa
What is -45 (base 11) in base 3?
-1211
What is 1 (base 13) in base 3?
1
What is 1 (base 12) in base 7?
1
What is -165 (base 11) in base 13?
-11a
What is 12 (base 5) in base 11?
7
-3 (base 12) to base 3
-10
Convert 4 (base 13) to base 3.
11
Convert 5 (base 9) to base 6.
5
What is 30 (base 4) in base 9?
13
What is 10 (base 2) in base 15?
2
Convert -4 (base 15) to base 3.
-11
What is 38 (base 11) in base 4?
221
Convert -1 (base 14) to base 13.
-1
What is 31 (base 8) in base 15?
1a
Convert -1 (base 9) to base 11.
-1
Convert -20 (base 9) to base 13.
-15
11 (base 10) to base 3
102
1 (base 5) to base 15
1
What is 4 (base 8) in base 4?
10
Convert -10 (base 2) to base 16.
-2
2 (base 16) to base 3
2
Convert -1 (base 7) to base 8.
-1
Convert 4 (base 16) to base 14.
4
What is 10101 (base 2) in base 15?
16
Convert -104 (base 6) to base 9.
-44
Convert -2033 (base 4) to base 16.
-8f
What is 121 (base 3) in base 6?
24
Convert 1d (base 16) to base 13.
23
10001111 (base 2) to base 11
120
Convert 21 (base 6) to base 16.
d
Convert 10 (base 3) to base 6.
3
Convert -5 (base 12) to base 4.
-11
2 (base 13) to base 4
2
Convert -1b (base 14) to base 4.
-121
What is 0 (base 15) in base 10?
0
Convert 11110 (base 2) to base 6.
50
What is 6 (base 10) in base 5?
11
What is 14 (base 8) in base 9?
13
Convert 10001000 (base 2) to base 4.
2020
Convert 2 (base 7) to base 15.
2
Convert -59 (base 10) to base 6.
-135
What is -f (base 16) in base 5?
-30
-3d (base 14) to base 5
-210
Convert -1052 (base 6) to base 12.
-188
5 (base 9) to base 4
11
What is 2 (base 12) in base 8?
2
-111 (base 6) to base 4
-223
-171 (base 11) to base 3
-21101
What is -1 (base 6) in base 2?
-1
Convert 0 (base 4) to base 3.
0
What is -203 (base 4) in base 7?
-50
Convert 12 (base 3) to base 12.
5
2 (base 13) to base 14
2
Convert -4 (base 15) to base 10.
-4
8 (base 11) to base 4
20
-10 (base 2) to base 10
-2
-254 (base 6) to base 3
-10221
Convert 11 (base 10) to base 4.
23
What is -13 (base 5) in base 8?
-10
What is 22 (base 7) in base 8?
20
-137 (base 10) to base 6
-345
0 (base 11) to base 5
0
Convert 1102 (base 3) to base 7.
53
Convert 22 (base 7) to base 9.
17
100 (base 2) to base 11
4
What is -2 (base 4) in base 15?
-2
-4 (base 11) to base 6
-4
Convert -4 (base 14) to base 4.
-10
What is -3 (base 9) in base 11?
-3
Convert 2 (base 9) to base 7.
2
Convert -31 (base 6) to base 8.
-23
72 (base 8) to base 4
322
What is 2 (base 12) in base 4?
2
Convert 10 (base 6) to base 15.
6
What is -202 (base 8) in base 5?
-1010
What is 22 (base 3) in base 7?
11
-12 (base 8) to base 2
-1010
-12 (base 10) to base 8
-14
Convert -2 (base 4) to base 9.
-2
What is 38 (base 16) in base 2?
111000
What is -2a (base 14) in base 2?
-100110
What is 3 (base 11) in base 10?
3
0 (base 16) to base 5
0
-65 (base 15) to base 8
-137
What is -1421 (base 6) in base 14?
-1c9
Convert 1000 (base 2) to base 10.
8
What is a2 (base 11) in base 6?
304
45 (base 11) to base 14
37
Convert -1b (base 16) to base 4.
-123
What is -22120 (base 3) in base 12?
-173
What is 1 (base 4) in base 12?
1
Convert -102 (base 6) to base 16.
-26
-4 (base 10) to base 5
-4
What is 1 (base 5) in base 11?
1
What is 2102 (base 5) in base 7?
544
Convert 131 (base 6) to base 11.
50
Convert -201 (base 3) to base 7.
-25
Convert -b1 (base 14) to base 3.
-12202
0 (base 15) to base 4
0
What is 321 (base 10) in base 16?
141
What is -33 (base 10) in base 14?
-25
What is -10b (base 14) in base 8?
-317
-10 (base 3) to base 7
-3
-145 (base 6) to base 10
-65
Convert 1 (base 14) to base 13.
1
Convert -11 (base 10) to base 3.
-102
What is 0 (base 2) in base 10?
0
2 (base 16) to base 11
2
Convert -1 (base 11) to base 13.
-1
What is -16 (base 15) in base 13?
-18
What is -24 (base 15) in base 14?
-26
What is -228 (base 10) in base 9?
-273
What is 83 (base 9) in base 2?
1001011
Convert 40 (base 5) to base 2.
10100
Convert -10200 (base 4) to base 13.
-192
What is 2001 (base 3) in base 9?
61
What is -122 (base 3) in base 13?
-14
What is c2 (base 14) in base 15?
b5
-18 (base 14) to base 12
-1a
102 (base 5) to base 2
11011
What is 103 (base 16) in base 4?
10003
What is 433 (base 6) in base 9?
203
111 (base 2) to base 16
7
101 (base 2) to base 11
5
-4 (base 14) to base 9
-4
-126 (base 7) to base 8
-105
Convert -2 (base 7) to base 9.
-2
1010 (base 3) to base 11
28
-331 (base 4) to base 11
-56
54 (base 6) to base 2
100010
Convert -11 (base 14) to base 4.
-33
6 (base 8) to base 15
6
What is 0 (base 12) in base 3?
0
Convert 60 (base 8) to base 10.
48
-186 (base 14) to base 16
-13a
What is 3 (base 13) in base 11?
3
-8 (base 10) to base 4
-20
What is 11 (base 7) in base 2?
1000
2 (base 5) to base 7
2
What is a (base 12) in base 5?
20
11 (base 15) to base 7
22
Convert -43 (base 5) to base 16.
-17
4 (base 7) to base 5
4
What is -4 (base 10) in base 5?
-4
312 (base 4) to base 15
39
-31 (base 4) to base 6
-21
-2 (base 4) to base 2
-10
17 (base 9) to base 15
11
Convert -22 (base 12) to base 3.
-222
Convert -35 (base 11) to base 6.
-102
Convert 41 (base 10) to base 6.
105
What is -14 (base 9) in base 3?
-111
Convert 3 (base 11) to base 12.
3
0 (base 14) to base 12
0
Convert 0 (base 9) to base 4.
0
What is -526 (base 7) in base 2?
-100001001
1 (base 14) to base 2
1
5 (base 13) to base 10
5
-3 (base 8) to base 4
-3
4 (base 14) to base 4
10
12 (base 3) to base 9
5
-2 (base 4) to base 13
-2
What is -17 (base 16) in base 15?
-18
Convert 1 (base 8) to base 4.
1
-3 (base 9) to base 12
-3
What is -3 (base 15) in base 16?
-3
-6 (base 13) to base 9
-6
What is 1 (base 16) in base 2?
1
Convert 9a (base 16) to base 2.
10011010
What is 32 (base 5) in base 8?
21
Convert -1301 (base 4) to base 3.
-11012
What is 30 (base 5) in base 3?
120
205 (base 7) to base 10
103
Convert -633 (base 7) to base 11.
-26a
21 (base 14) to base 2
11101
30 (base 6) to base 10
18
Convert 1101 (base 3) to base 5.
122
Convert 111